+ 4. Is k(-3) prime?
True
Let f = 820 - -811. Is f a prime number?
False
Suppose 6*p - 2*p = 0. Suppose p*k = 4*k - 60. Is k a prime number?
False
Let a(u) = -3*u**2 + 2*u. Let c = 2 + 0. Let z be a(c). Let p = z + 34. Is p a prime number?
False
Let h(d) = 539*d**2 + 13*d - 21. Is h(2) a prime number?
True
Let p(v) = -v**3 - 4*v**2 + v + 5. Let t(a) = a**3 + 4*a**2 - 6. Let c(s) = -3*p(s) - 2*t(s). Let g = -1 + 4. Is c(g) a composite number?
True
Let y = 395 + -836. Let f be (-2)/3 - (-14)/(-6). Is y/f - 4/2 a prime number?
False
Let n(p) be the third derivative of p**5/60 + p**4/4 + 2*p**3/3 + p**2. Let g be n(-6). Suppose -o = i - 60, -42 = -i + o + g*o. Is i prime?
False
Let y = 342 - -196. Is y prime?
False
Suppose 5*y + x - 749 = 0, y + 4*x - 761 = -4*y. Is y composite?
False
Is 2/(-9) - 4029/(-27) a composite number?
False
Let j be (2 + 4 + -8)/(-2). Is (-1)/((j + 0)/(-97)) prime?
True
Let a(n) = -4*n - 10. Let q(f) = -f. Let t(h) = -a(h) + 5*q(h). Let m be t(9). Is m/3*-2*-57 prime?
False
Suppose -3*p - 790 = -5743. Is p prime?
False
Suppose 2 = 4*n + 6. Let h be 6/(0 + 2 + n). Suppose h = 3*c - 87. Is c a prime number?
True
Suppose -2*r = -0*r - 4. Suppose 4*v = 3*p - 60, v + 5*p = 10 - 2. Is 4 + -1 - r - v a prime number?
True
Let t be (-1)/((-3)/111) + 0. Is (-27)/(-9)*t/3 a prime number?
True
Suppose 4*n - 5955 = 817. Is n a composite number?
False
Let t be (6/(-2))/(12/(-12)). Suppose o + p = 181, t*p + p - 193 = -o. Is o composite?
True
Is (-2)/(-13) + 9675/65 prime?
True
Suppose -2*t = 3*f + 3*t - 623, t + 2 = 0. Is f composite?
False
Let p = 36 + -15. Is p composite?
True
Let v = -13 - -10. Is (1/(-3))/(v/711) prime?
True
Let d be (-1)/(1/(-43)) - -1. Let t = d - 23. Is t prime?
False
Let h(j) = -j**2 + 2*j. Suppose -4*v - 4 = -12. Let d be h(v). Is -1*(-31 - d/3) a composite number?
False
Suppose -2*o + 165 = r, 4*r - 742 = 3*o - 71. Let i = 374 + r. Is i prime?
True
Let g(n) = 30*n - 7. Is g(3) prime?
True
Suppose 5*h + 5 = -5*k, 0*k - 3*h - 23 = -2*k. Suppose -2*i - b = -112, 2*b + 106 = 6*i - k*i. Is i a composite number?
True
Let x(w) = -w + 3203. Is x(0) a prime number?
True
Let z = -1 - -6. Suppose z*c + 2*m = -0*m + 99, -4*c + 3*m = -93. Is c composite?
True
Suppose -3*q - 3*k = -25 - 209, -374 = -5*q + 3*k. Suppose -41 = -3*z + q. Is z composite?
True
Let a be ((-2)/(-3))/((-12)/(-1314)). Suppose -4*d = d - 3*m + a, -3*d - 40 = 2*m. Is ((-147)/d)/((-6)/(-8)) composite?
True
Let n(f) = -f**3 - 10*f**2 - 9*f - 7. Suppose 3*i - 2*i = -10. Is n(i) a composite number?
False
Suppose -r - 3*i + 464 = 0, r + 4*i = 275 + 188. Is r a composite number?
False
Let f be -32*6*2/(-1). Suppose 4*o = o + f. Suppose 2*h = -5*s + o + 61, 27 = s - 5*h. Is s a composite number?
False
Let y be 0 - (-1 + -2 + 3). Suppose y*g + 3*g - 159 = 0. Is g composite?
False
Let k = 157 - 66. Suppose 2*o - 131 - k = 0. Is o a prime number?
False
Suppose -4*g - 3*l - 7 = -22, 4*g - 25 = -5*l. Is (-2 - g)*(-159)/6 a composite number?
False
Let n = -401 - -1050. Is n prime?
False
Let f(k) = 14*k**2 + 5*k - 4. Suppose 3*r = -n - 10, -2*n - 1 = -11. Is f(r) a prime number?
False
Suppose n + 350 = 84. Let m = -55 - n. Is m a composite number?
False
Suppose -f - 3*f = -112. Suppose -123 - 7 = -4*d - 2*n, -d = -n - f. Is d prime?
True
Let r be (-5)/20 - 1066/(-8). Let l be 52/(-1 + (-3)/(-2)). Suppose -l = -5*x - i + 110, 3*x - r = 4*i. Is x a prime number?
True
Let v = 1280 + -313. Is v a prime number?
True
Let w(p) = 3*p**2 + 3*p + 4. Let g(i) = i + 1. Let y be g(-4). Is w(y) composite?
True
Let a(p) be the first derivative of -2*p**3/3 - 5*p**2/2 - 4*p + 4. Let b be a(-3). Let t(l) = -4*l - 5. Is t(b) composite?
False
Suppose 0*p - 5*p + 14 = 4*m, m + 34 = 5*p. Suppose p*t - 12 = 3*t. Suppose -r - z = -t, 0*z = -4*r + 3*z + 37. Is r a composite number?
False
Suppose -2*r - 2629 = -5*x - 870, 5*x - 1753 = 4*r. Let s(u) = u**2 + u. Let k be s(-1). Suppose -p - 3*p + y + x = 0, -y + 3 = k. Is p prime?
True
Let d(p) = 50*p**2 + 2*p - 11. Is d(6) a prime number?
True
Let f be 0*2/(12/(-3)). Is f/(-1) - -21 - 0 composite?
True
Let r be 38/14 - 4/(-14). Suppose 2*m + 66 = r*m. Suppose 0*v = 2*v - m. Is v prime?
False
Is (-528)/(-9) - 6/(-18) prime?
True
Is 1/(-2) - ((-1708)/8 - -2) composite?
False
Suppose 4*o - 8*o = 16, 5*o - 337 = -3*b. Is b prime?
False
Let m(f) = -f**3 + 0*f**3 + 2*f**2 + 4*f**3 - 1. Let v be m(1). Suppose -v*q + 663 - 19 = 0. Is q a composite number?
True
Let k be 2 + ((-2)/(-2) - -1269). Is k/(-36)*(-6)/4 a prime number?
True
Let t(h) = h**3 - 3*h + 6. Let u = 3 + 1. Let j be t(u). Let w = j + -23. Is w prime?
False
Let v = -7 - -14. Is v a prime number?
True
Suppose h + 2*h = 1233. Let w = h - 265. Is w a prime number?
False
Is 14/1*(-6)/(-4) a prime number?
False
Let q(g) = -g**3 + g**2 + 1. Suppose 26 = 4*k - 3*p, 0 = 2*p + 2*p + 8. Suppose k*s - 4 = 21, 0 = -4*h + s - 17. Is q(h) composite?
False
Suppose 5*k - 239 = 196. Let v = 164 - k. Is v prime?
False
Let s be -2 + (-3 - -14 - -1). Let m be s/(-25) - (-3)/(-5). Is m + 4 - (-53 - 3) a composite number?
False
Let y = -823 - -516. Suppose p - 908 = -2*w, -5*w + 3*p = -0*p - 2248. Let k = w + y. Is k composite?
True
Let v(l) = -45*l - 11. Is v(-5) composite?
True
Suppose -q = 3*b - 207, b - 2*q + 29 - 105 = 0. Let u = -4 - b. Let n = u + 139. Is n a prime number?
False
Suppose -a = 2*a + 27. Let n(y) = -8*y - 12. Let q be n(a). Suppose 2*h + q = 4*u - 146, 0 = 3*u - 3*h - 150. Is u a prime number?
True
Let n(a) = -a**3 - 5*a**2 - 2. Suppose -5*r - 10 = -3*b, -4*b + 4*r - 5 = b. Let l be n(b). Is (l/3)/((-2)/111) a composite number?
False
Suppose -24 = 5*t - 104. Suppose -2*r + 167 = -5*f, 191 = -5*r - 2*f + 536. Let s = r - t. Is s composite?
True
Let t(i) = 24*i**2. Let f be t(2). Let q = f - -141. Suppose 7*p - 2*p = k - 87, -3*k = -3*p - q. Is k prime?
False
Let y(m) = 4*m + 7. Let i(o) = 2*o + 4. Let c(z) = 5*i(z) - 2*y(z). Let l be c(-6). Is l/4*(-318)/9 a composite number?
False
Let j = 21 + -16. Suppose 5*f + 3*h = 245, j*f - 266 = 2*h - 21. Is f a composite number?
True
Let a be 5*2*(-6)/(-15). Is ((-6)/a - -1)*-238 a prime number?
False
Let g(f) be the first derivative of 4*f**3/3 - f**2 - 7*f + 6. Is g(-7) prime?
False
Let v(b) = -b**3 + 8*b**2 - b - 2. Let r be v(7). Let y = r - 85. Let d = y - -256. Is d prime?
True
Suppose -5*n = y - 10, y = -3*n + 4 + 4. Suppose 0*b + 10 = -y*b. Is (-22)/(-1)*b/(-4) composite?
False
Let a = -64 - -387. Is a a composite number?
True
Let a(j) = 70*j - 7. Let f be a(8). Suppose -f + 55 = -2*u. Is u composite?
True
Suppose -2787 = -3*d - 147. Let v = d - 543. Is v prime?
True
Let s = -2657 - -4602. Is s a composite number?
True
Let i(z) = -173*z - 25. Is i(-4) composite?
True
Suppose 0 = -3*q + 17 - 11. Suppose -2 = q*m, -m + 66 + 98 = 5*i. Is i a prime number?
False
Let t be 1/(-3) - 1/(-3). Suppose 0*g + 2*g + 892 = t. Is 4/(-2)*g/4 composite?
False
Let g(z) = z**3 - 7*z**2 - 12*z + 23. Is g(10) a composite number?
True
Let w = 424 + -96. Suppose -3*n = c - w, -n + c + 110 = 2*c. Is n composite?
False
Is (1516/(-6))/((-10)/15) composite?
False
Let a be 3 + -1 - (-2 + 1). Suppose a*k - 188 = k. Is k a prime number?
False
Let j = 920 + -197. Is j a prime number?
False
Let c = -20 - -7. Let l = 6 - c. Is l a composite number?
False
Let v(h) = -2*h**2 - 7 + 2 + 0 + 0 + 8*h. Let b be v(6). Let g = 42 + b. Is g a composite number?
False
Let d = -13 + 18. Suppose 3*g = 12, -h + d*g - 17 = 3. Suppose 125 = 3*f + 4*w, h = -5*f + 8*w - 4*w + 251. Is f a prime number?
True
Let m = 10 + 317. Let v = m + -184. Is v prime?
False
Suppose 5*p + 2*x = 3405, 2*x - 3*x + 5 = 0. Is p a prime number?
False
Let j = 1532 - -971. Is j a prime number?
True
Let y(o) = o - 8. Let b be y(-7). Is 4/(-10) + (-1251)/b prime?
True
Let z(g) = 14*g**2 + 11*g**3 - 1 + 2*g + 9*g**3 - 1 - 21*g**3. Is z(14) a prime number?
False
Let g(b) = -b**3 - 4*b**2 - 6*b - 8. Let y be g(-6). Let f = y - 69. Is f a prime number?
True
Suppose 0 = -4*y + 37 + 7. Let s(x) = -x**3 + 11*x**2 + 15. Is s(y) prime?
False
Is 219 + (3 + -2 - 3) a prime number?
False
Is (125 - -2) + (-6 - -6) a prime number?
True
Suppose i + 2*v + 5 = 0, 10 = -i + 2*i - v. Let m(u) = -4*u + 6. Let x be m(i). Is (-6